. Calculate the highest common factor of t and 12.
6
Suppose -2*m - 30 = 3*v, -m + 6*m = -2*v - 20. Let p = -9 - v. Let k = p + 3. What is the greatest common divisor of 1 and k?
1
Suppose -4*q = -366 + 86. Let a = 16 + 12. Calculate the highest common factor of a and q.
14
Suppose -g + n = -n - 10, 62 = 5*g - 4*n. Calculate the greatest common factor of g and 14.
14
Suppose 109 = -s - 2*p - 69, -p - 180 = s. Let c = -39 - s. What is the highest common divisor of c and 13?
13
Suppose -168 + 47 = -2*f - d, d - 1 = 0. What is the highest common divisor of f and 20?
20
Let d be 1/((-35)/(-28) + -1). Let m(c) = -c**3 + 4*c**2 - c - 2. Let a be m(3). What is the highest common factor of d and a?
4
Let q(h) = -2*h**3 + 4*h**2 + h - 2. Let c be q(-4). Calculate the highest common factor of c and 496.
62
Suppose -69 = -2*n + u, -60 + 153 = 3*n - 5*u. Calculate the greatest common divisor of n and 81.
9
Let n = -48 - -92. Suppose 0 = -u - u + n. Let d(f) = f**3 + 2*f**2 - 2*f - 2. Let q be d(-2). What is the greatest common divisor of q and u?
2
Let v = 888 + -798. What is the greatest common factor of 144 and v?
18
Let x(w) = 19*w + 117. Let g be x(-3). What is the greatest common factor of 640 and g?
20
Let i be 64900/242 + (-2)/11. Calculate the highest common factor of i and 67.
67
Let u(o) = -o**3 + 3*o**2 + 2*o + 5. Let t be u(4). Let l = -36 - -59. Let m = t + l. Calculate the greatest common divisor of m and 4.
4
Let h(u) = -12*u - 18. Suppose 7*b + 41 = -8. Let m be h(b). What is the greatest common divisor of m and 6?
6
Suppose 3*v = -g - 1 + 19, -v = -2. Let x(n) = n - 15. Let w be x(14). Let r be ((-1)/w)/(1/(-1 - -13)). Calculate the greatest common factor of r and g.
12
Let u be (-2)/(-12)*-2 + (-20)/(-6). Let l = 4 - 1. Suppose -5*j = 3*s - 5*s - 67, l*s - 12 = 0. What is the greatest common divisor of u and j?
3
Suppose 314 + 382 = 29*f. Suppose -r + 48 = 3*a - 69, 0 = 2*a + 2. Calculate the greatest common factor of f and r.
24
Let a = 40 - -289. Calculate the highest common factor of a and 94.
47
Let u be (6 + -8)*(-2)/1 - 3. Suppose -j + k = -u, 2*k = -7*j + 3*j + 22. What is the greatest common divisor of j and 8?
4
Let u = 521 - 465. What is the greatest common factor of 616 and u?
56
Suppose -j + 27 = 8*r - 7*r, 3*j - 2*r = 96. What is the highest common factor of j and 990?
30
Let i(o) = o**3 + 7*o**2 - 5*o - 9. Let z be i(-7). Let b = z + -8. Calculate the highest common factor of b and 30.
6
Suppose -2*y + 7 = 3*z - 8, -2*z = -2*y. Suppose z*v = -3*d + 144, 3*v - 2*d + 6*d - 147 = 0. What is the highest common divisor of v and 5?
5
Suppose 0 = 5*b + 25, 2*b + 15 = 5*z - 60. Suppose -z = 5*f + 12. Let l be f/10 + 82/4. What is the highest common factor of 5 and l?
5
Suppose 4*k - 2*k - 2*q + 6 = 0, -k = 3*q - 9. Let f be k - 57/1 - 4. Let o = -41 - f. What is the greatest common divisor of o and 8?
4
Let a be 138/30 + (-4)/(-10). Suppose a*r = 188 - 8. What is the highest common divisor of r and 18?
18
Let z(y) = y**2 + 23*y + 8. Let n be z(-24). What is the greatest common factor of n and 800?
32
Let n(w) = -4*w - 4. Let f be n(-5). Suppose -3*p + f = -4*s, 2*p + 0*p - 9 = s. Calculate the highest common divisor of p and 36.
4
Let m be 1 - (246/(-42) - (-6)/(-42)). Suppose 5*y + 76 = -3*c - 149, 74 = -2*y + 2*c. Let w be y*(0 + (-6)/9). Calculate the highest common divisor of w and m.
7
Let m = -47 + 73. Suppose -5*x + 75 = -2*f, -m = -4*x - 4*f + 34. Calculate the highest common factor of x and 30.
15
Let x = -1 - 1. Let g be -1 - (x - 1) - 49. Let h = g + 71. Calculate the highest common factor of 36 and h.
12
Suppose 0*c - 18 = -6*c. Suppose -c*g + 140 = -g. Calculate the greatest common factor of g and 10.
10
Let g(a) = 59*a + 74. Let q be g(9). Calculate the greatest common factor of q and 22.
11
Let k = 2211 - 2145. Let n(l) = -l**2 + 5*l + 2. Let f be n(5). Let t be (-44)/(-2)*f/4. What is the highest common factor of k and t?
11
Let d = 5 - -15. Suppose -15*k - 42 = -12*k. Let z be 525/k*4/(-3). What is the highest common divisor of d and z?
10
Let n = 11 - 55. Let a = 72 + n. Calculate the greatest common divisor of 14 and a.
14
Suppose -4*c + 2*w = -9308, -5*c + 7*w + 11637 = 5*w. Calculate the highest common factor of c and 17.
17
Suppose -5*q + 11 = -2*y, -2*y + 3*q = -q + 8. Let z be -3*(y + 76/(-3)). Suppose -116 - 175 = -125*j + 959. What is the greatest common factor of j and z?
10
Let f(j) = 4*j - 20. Let o be f(6). Suppose -2*c + 1023 = o*b + c, b + 2*c - 262 = 0. Suppose -4*p = -p - b. Calculate the greatest common divisor of p and 12.
12
Let q be -4 + (-28)/(-6) - 1310/(-15). Calculate the highest common factor of 22 and q.
22
Let a be (-30)/(-70) + (-38)/7. Let y be 12*(a - (-25)/2). Calculate the greatest common divisor of y and 9.
9
Suppose n - f + 2*f = 41, 4*n - 2*f = 176. Suppose -11*h = -571 + n. What is the greatest common factor of 16 and h?
16
Suppose d - 6*d - 5*t = 20, t = 3*d - 4. Suppose -2*h + 19 - 3 = d. Calculate the highest common factor of 24 and h.
8
Suppose -36*l - 15*l + 4335 = 0. What is the highest common divisor of l and 765?
85
Let l = -5 + 7. Let v(t) = 3*t**l + 6*t - t**3 - 4*t - t**3 + 2. Let m be v(-3). Calculate the greatest common divisor of 11 and m.
11
Let o be 15/6*(148/10 - 4). Suppose 2*a - 77 - 27 = f, -3*a - f + 166 = 0. Suppose 0*b - a = -3*b. Calculate the highest common factor of b and o.
9
Suppose -t - 3 = 3*g + 1, 0 = -g - 2*t + 7. Let m(p) = -2*p + 1. Let j be m(g). What is the greatest common divisor of 1 and j?
1
Suppose 0 = 10*h + 8*h - 1386. What is the greatest common divisor of h and 143?
11
Suppose -20 = 4*k - 8*k. Suppose 0*n - 4*v + 60 = 2*n, 0 = -k*n + 5*v + 75. What is the highest common factor of 40 and n?
20
Let l = 149 + -147. Calculate the greatest common divisor of l and 5.
1
Let v(z) = -z**3 - 7*z**2 - 4. Let p be v(-7). Let l be -12 + (-2 + 1 - p). Let d be 49 + l/((-36)/(-16)). What is the highest common factor of d and 5?
5
Suppose -5*v - 1 = -16, 0 = 3*i + 2*v - 27. Suppose -2*w - 2*q + 158 = 0, -2*w + 4*q + 153 = i*q. What is the highest common factor of w and 21?
21
Let f(y) = y**2 - 4*y - 2. Let w be f(6). Suppose 0 = 3*m + 2*m + 70. Let q = m - -18. What is the greatest common divisor of w and q?
2
Let l be 2/3*78/4. Let a(g) = 2*g + 6*g + 5*g**2 - 2*g**2. Let k be a(-7). What is the greatest common divisor of k and l?
13
Let s(y) = -3*y**2 + 26*y. Let u be s(6). Calculate the greatest common divisor of 816 and u.
48
Let a(b) = 8 + 1 + b - 5. Let g be a(-1). Calculate the greatest common factor of g and 48.
3
Let q(r) = 963*r - 3*r**2 + 9 - 16*r**2 - 962*r - r**3 + 15. Let u be q(-19). Calculate the highest common divisor of u and 30.
5
Let n(x) = -x**2 + 4*x. Let i be n(6). Let m = i + 18. What is the greatest common divisor of 66 and m?
6
Let q(r) = 8*r + 6*r**2 - 22 + 11 - 7 + r**3 + 5*r**2. Let b be q(-9). Calculate the highest common divisor of 8 and b.
8
Let h be -1 + (-3 - (0 - -12)/(-2)). Suppose 2*z + h = 3*z. What is the highest common divisor of 10 and z?
2
Suppose 0 = -0*f + 5*f - 25. Let b be (12 - 9)/(1/f). Let o be -20*(2 + (-42)/b). What is the greatest common factor of o and 4?
4
Suppose 0 = -4*l + 10*l - 12. Suppose -l = v - n - 119, 0 = 5*v + 5*n - 565. Let j = 59 + -13. Calculate the highest common factor of v and j.
23
Suppose 2*j = 3*j - 4. Suppose 5*a + 3*f = 19, j*f + 0*f = 12. Suppose 0 = 2*y - 0*y - 10. What is the highest common factor of a and y?
1
Let t be (196/(-12))/(2/(-264)*1). Suppose -8*o + o = -t. Calculate the greatest common divisor of o and 28.
28
Let k(f) = 2*f**3 + 6*f**2 + 3*f - 7. Let h be k(3). Calculate the greatest common divisor of 66 and h.
22
Let f(z) = -272*z**2 - z + 1. Let i be f(1). Let b = 525 + i. Suppose 4*j - 2*j = 46. What is the highest common factor of b and j?
23
Let u = 62 + -41. Let f = -125 + 139. Calculate the greatest common factor of f and u.
7
Let f = -389 - -577. Let a = -104 + f. What is the highest common divisor of a and 12?
12
Let z = 95 + -103. Let i be 236/8 - (-12)/z. Calculate the highest common factor of 56 and i.
28
Suppose -6*n + 45 + 3 = 0. Let h be -2 - -18 - (n - 4). What is the highest common factor of h and 96?
12
Let t = -270 + 288. Calculate the hig